s the value of 98 - ((22 - -85) + -91)?
82
What is the value of (-45 + -44 - ((-3 - -3 - -2) + 2)) + 13?
-80
What is the value of -71 + 1 - (12 - (-21 - -39))?
-64
What is 89 - (-138 - (-303 - -110))?
34
Calculate 50 + -104 - (7 - (-14 - (6 - 8))).
-73
What is the value of 2 + -5 - (63 + 52 + -42 - (1 + 16))?
-59
What is the value of -87 + (56 - 92) + 7 + (3 - -11)?
-102
-2 + -24 + 28 + (0 - -4) + 9 + -23
-8
What is -55 + (-162 - -171 - -53)?
7
What is -2 + 6 + -7 + 3 + -2 + (6 - 0)?
4
What is (-6 - -62) + -10 + 2 + (3 - 16)?
35
What is (9 - -20) + -33 + -6 + 17?
7
-46 + (11 - (18 + -21)) - (-2 - -6)
-36
What is (43 - -154) + -159 + 2 + -168?
-128
What is (-94 - 13) + 213 + -168?
-62
Calculate 23 + 1 - (-5476 + 5586 + -26 + 1).
-61
Calculate 23 - (45 + 17 + -12) - 41.
-68
What is the value of 2 + (-20 + 15 + -9 - -49 - (1 + 2))?
34
What is the value of 0 + 88 - (22 + -1 - (-28 - -52))?
91
Evaluate 7 - (6 + -2 + 0) - (-52 + 68).
-13
What is the value of (-79 - -1) + (-12 - ((7 + -5 - -11) + -18))?
-85
What is 1039 + -961 - (0 - -12)?
66
What is the value of (535 - 523) + 23 + -5 + 2 + 3?
35
What is -1 + -135 + (60 - (191 + -120))?
-147
Calculate 25 + 28 - (53 - -10).
-10
Calculate -1 + -21 + (83 - 47) + 0 + -16.
-2
Evaluate (-73 - (2 - -105)) + 47 + (1 - 3) + 8.
-127
Calculate 13 + -20 - (-3 + -3) - ((1 - 1) + 5).
-6
What is the value of 8 + -8 + -8 + 20 + 5 + -2 + -10?
5
Evaluate -221 - -133 - (-6 + 4 + -12).
-74
Calculate -57 + 1 + 72 + (19 - 2) + -3.
30
What is the value of -6 + 0 - (-107 + 9 - -56)?
36
Calculate -70 - (20 - (-15 - -44) - -7).
-68
What is the value of -1 - 17 - (154 + -19 + -124)?
-29
What is 9 - ((-4 - (-18 - -15 - -13)) + -18)?
41
Evaluate (-35 - -85) + (18 - 4 - 5 - 11).
48
Calculate 28 + 4 - ((-60 - -16) + 32).
44
Evaluate -1 + 2 + 41 + 17 + 50 - 15.
94
Calculate (9 - (-9 - -100)) + 19 + 23.
-40
11 + 99 + -22 + -36
52
Evaluate -605 - -515 - (-26 - 6 - -6).
-64
Evaluate (-72 - -75) + (-3 + 7 - 40).
-33
What is the value of 16 - (-20 + 0 + -516 + 583)?
-31
What is the value of 25 + (8 + -40 - 3)?
-10
Evaluate 4 + (0 + 1 + -6 - -23) + -63 + 58.
17
Calculate -35 - (-12 + 1 + -12 + (35 - 5)).
-42
Calculate 4 + 71 + -116 - 8.
-49
19 + (-78 - ((-16 - 4) + 5))
-44
What is the value of (1 - -16) + 58 + (19 - 76)?
18
-46 + 47 + (3 - -1) + (5 - 16) + 9
3
-5 - (-12 - ((-61 + 21 - -8) + -2))
-27
What is 1601 + -1759 + (96 - 1)?
-63
What is the value of (-826 + -22 - -860) + (2 - 1 - (1 - -30))?
-18
Evaluate -85 - (91 - (84 - -141)).
49
Evaluate 17 - (-79 + (63 - 24) - 43).
100
What is the value of -71 - (7 + -2 + -4 - (-3 - (2 - 12)))?
-65
46 - (34 - (-65 + 27))
-26
What is -27 - -1 - ((29 - (71 + -16)) + 15)?
-15
What is 57 + 3 + -3 - (789 - 802 - (-16 - 0))?
54
Calculate -20 - -76 - (-70 + 99).
27
Calculate 24 + 7 + (10 - (16 - 2)) + -17.
10
7 - (-8 + (-1 - (-1 + 3) - -8)) - 98
-88
2 + 0 + (23 + (21 - 37) - -44)
53
Evaluate -9 - (-17 - (-1 + (-18 - (8 - 21)))).
2
223 + -217 - (-5 - (0 - 1 - (1 - 1)))
10
(-24 - (-18 - (23 - 35 - -30))) + 12 + 0
24
Calculate -55 - 2 - (121 + -90 + -44).
-44
Evaluate (40 - 38) + -16 + -10 + -14.
-38
Evaluate -6 + 39 + (-104 + -7 - -39).
-39
Evaluate (0 - -2) + (-45 - (-7 + 0 + 9)).
-45
What is the value of -8 - (14 - 25 - (-3 + -2)) - (96 + -28)?
-70
(6 - 24) + (-4279 - -4329)
32
Calculate 10 - 0 - (1 - -1) - (16 - -56).
-64
Evaluate -4 + (-37 + 16 + 13 - 33).
-45
Evaluate (-12 - (23 + (2 - 24))) + 9.
-4
(46 - (32 - 3) - 42) + -12 + -1
-38
Calculate (3 - ((8 - 6) + -4)) + -106 + 14.
-87
What is 32 + (-58 - -34) - (2 - 10 - -3)?
13
33 + 4 + (-1 - 9) - (-14 - (-2 + -6))
33
What is -8 - (-127 - -15 - (44 + -58))?
90
Evaluate (18 - 45 - -104) + (-18 - -1).
60
Calculate 71 - (11 + -6 + -19 - -7).
78
(-1 - (5 + -2)) + -723 + 741
14
Evaluate -17 - (-47 - -54 - (-10 + 2)).
-32
(-29 + 63 - 10) + -26 + 76
74
Evaluate -31 + (-25 + 11 - (-63 + 123)).
-105
Evaluate -19 + (3 - -3) - ((-24 - 6 - 4) + -5).
26
What is the value of (0 - -1) + -22 + 84 + (14 - 103)?
-26
What is -33 + 0 + -2 + -8 + -3 + 15?
-31
Evaluate 33 - (76 + (-38 - -14)).
-19
What is 11 + 11 + -4 + -26?
-8
(13190 - 13141) + (52 - 2 - 0)
99
Evaluate (-180 - (376 + -585)) + -1 + -22.
6
What is 27 - (-7 + 4 + (2 - (2 - 3) - 4))?
31
What is the value of 4 - (101 - (6 + -24 + (-11 - -16)))?
-110
Evaluate 2 + 2 + 10 + (6 - 15) + 14 + 3.
22
Evaluate -6 - (7 + (0 - 52 - (-7 - (0 + -14)))).
46
842 + -800 - (131 - (1 - -8))
-80
What is -1 - -11 - ((-94 - -106) + -2 + (7 - 10))?
3
What is 1 - 0 - (1 - -81) - (-6927 + 6947)?
-101
-14 + 32 + 71 + -77
12
What is 108 - ((-16 - -20) + 11)?
93
What is 1 - (-1 - (6 - (-5 - 7 - (3 - -7))))?
30
What is the value of (9 + (0 - 7) - (-8 + 18)) + 29 + -3?
18
What is (64 - 18) + -138 - -199?
107
What is (30 + -68 - -68) + -44?
-14
5 + -51 + 72 + -52 + 88
62
632 + -606 + -3 + 1 + 46
70
1221 + -1251 + -5 + 99
64
What is the value of (-12 + 30 - 99) + 9 + -7 + 7?
-72
-7 + 54 + 9 + -19
37
Evaluate (-5 + -3 + -38 - 1) + (51 + -64 - -17).
-43
What is the value of 40 - (62 - (-41 + 47))?
-16
Evaluate -12 + 22 - (-6 - 2 - (-36 - (55 - 41))).
-32
Calculate -19 + -3 - -8 - (6 + 35) - 3.
-58
Evaluate -2 - (-9 + (-3 - 3) + 1 + 5 + 83).
-76
13 + (4 - (-4 + 8)) - (-48 - -95)
-34
What is -19 + -3 + -3 + (-7 - 1) + 27?
-6
What is -4 - -33 - (3 + (-20 - -9)) - -10?
47
Calculate -17 + ((-519 - -529) + (-14 - (2 + -3)) - -15).
-5
Calculate -20 - (-11 + (24 - (17 + -1))).
-17
-1 + 26 + -2 + (-12 - -14) + 9
34
Evaluate (31 - 3 - 13 - 2) + -29.
-16
Evaluate (-110 + 4 - -95) + 0 + 0 + 52.
41
Calculate (4 - 4 - 19) + 240 + -214 + -8.
-1
What is -50 + (0 + (-1 - -7) + -2 - 8)?
-54
Calculate -1 + 3 + (20 - (-19 + 26) - 9) + 22.
28
-10 + (-19 - -8) + 22 + -4
-3
What is (-14 + -1 + 13 - (10 - 2) - -2) + -28?
-36
Calculate (21 - (18 - -9)) + 48 - (20 - 8).
30
Calculate 4 + -2 - -28 - (-4 + -10 + (-154 - -163)).
35
15 - (17 - 20) - -4 - 4
18
17 - (-17 - 4 - -14 - -42)
-18
What is -63 + 9 + 34 - -12?
-8
What is 20 - 5 - (-5 - (-55 - -4)) - 4?
-35
What is 28 + (20 - (13 + -17)) + -122?
-70
Calculate -108 + 134 - (32 - -1) - (1 + -2 + -60).
54
Calculate -223 - (26 - (-11 + 131)).
-129
What is the value of (-1 - 12) + -1 + (15 - (156 + -152))?
-3
What is the value of 16 - 20 - -48 - 23 - 6?
15
What is the value of 159 + -19 + (50 - 61)?
129
Evaluate (5 + 6 + 15 - 7) + -8.
11
Calculate (-27 + 24 - -3) + 0 + 88 - (12 - -2).
74
59 - 32 - -24 - (-4 + (3 - -7))
45
-3 - (9 + (-12 - (-2 - 4))) - -47
41
What is (24 - 1) + (5 - (-4 + 12 + -2))?
22
Calculate -25 - (62 - 78 - 56).
47
Calculate (-21 - (-10 - -7)) + (-32 - -44) + -47 + -9.
-62
24 - 131 - (36 + -31)
-112
Calculate -127 + 149 + 0 + (2 - 74).
-50
-2169 + 2135 - (-2 - (1 - -1))
-30
What is the value of -3 - -8 - ((-1 - 6) + (-18 - (-22 - 7)))?
1
What is the value of -81 - (-2 + -9 + 20 + -19) - (-1 + -10)?
-60
Evaluate 16 + 23 + -95 + 31.
-25
What is the value of -1 - -30 - (-19 + -46 + 44)?
50
Calculate -37 + (21 - -15) + -12.
-13
Evaluate (-5 - -9 - 10) + -33.
-39
What is (112 - 16 - (5 + 11)) + -24?
56
-34 + (-1 - 48) + 44
-39
What is 143959 + -144108 - ((0 - ((2 - 3) + 1)) + -9)?
-140
What is the value of -11 + 35 + -7 + (-4 - 4)?
9
What is (5 - -2) + (1 - -2) - (1071 - 1057)?
-4
What is the value of 58 + (-24 - (-71 - -27))?
78
Calculate 59 + 12 + (5 - (41 + -14)) - -8.
57
Evaluate -53 + (112 - 48) - -18.
29
What is -21 + -31 + 3 + 35 - (6 - 1)?
-19
Calculate 5 + -6 + (-37 + 68 - (14 + -1)).
17
What is (8 - (1 - 1)) + -546 + 557?
19
What is 67 - -3 - (1 - (-1 - (22 - 24)))?
70
What is 22 + (11 - 1) + 3 + (5 - 0)?
40
(-104 - -105) + (-2 + 0 + -1 - -47)
45
Calculate 70 + -63 + 78 + -160.
-75
What is -42 - (12 + -10 + (-13 - 4))?
-27
What is (5 - 23) + 35 + (-41 - -20)?
-4
What is -16 - (2 - 2) - (4 + (-36 - -18))?
-2
-5 + -5 + 52 + -40 - 9 - (-28 + 0)
21
What is 1 + (-13 - 11) + 17 - 15?
-21
What is the value of (284 - 319) + (3 - 3 - -1)?
-34
Calculate 44 + -45 - (-2 - 16) - 49.
-32
What is the value of -46 + (2 - (-9 - -4)) + -1?
-40
What is the value of 83 + 94 + -162 - (9 + 0 + -1) - 8?
-1
What is the value of 22 - (9 + -36 + 31 + -69)?
87
23 - -67 - (4 + 51)
35
What is -5 + -21 + 23 - (0 + 6 + -40)?
31
Evaluate 32 - (8 - (-40 + 50)).
34
What is 28 + (-194 - -179) + 3 + -52?
-36
Evaluate 18 + -